t common divisor of 20 and s.
20
Let i(v) = -11*v**3 - 4*v**2 + 11*v - 20. Let f be i(-6). What is the greatest common divisor of f and 116?
58
Let b = -42 + 96. Let k be ((-9)/(-5))/(b/360). Calculate the greatest common divisor of k and 48.
12
Suppose 11502 = -15*d + 69*d. What is the highest common factor of d and 71?
71
Let c be 4 + 3/1 - 2. Suppose z = 4*j + 15, -3*z - z = -4*j - 24. Let r be j*-1*15/9. What is the greatest common divisor of r and c?
5
Suppose 54 = 5*v + 3*a - 261, -2*v - 3*a = -126. Suppose 16 = -d + 5*s, -4*s + 27 = 7. What is the highest common factor of d and v?
9
Suppose 3*q - 25 = 53. Let z(i) = i**3 - 2*i**2 - 12*i - 28. Let m be z(8). What is the highest common factor of q and m?
26
Suppose 0 = 2*l + v - 18, l + 4*v - 1 = 1. What is the highest common divisor of l and 640?
10
Suppose -y + 196 = -4*p + 65, 5*p = 3*y - 421. Let q be 1/(3/12) + 0. Let n be (-2)/q - 473/(-22). Calculate the highest common divisor of y and n.
21
Suppose 4*s - 16 = -4. Let o(b) = 42*b + 9. Let x be o(s). Let q be (-2)/(-3) + (-86)/(-6). Calculate the greatest common divisor of q and x.
15
Suppose -6*d + 2*g = -d - 270, -2*d + 89 = 3*g. Let u be (0 - -22)*(2 + 0). Let i = u + -18. Calculate the greatest common factor of i and d.
26
Suppose 13*k - 11*k = 2*n + 1222, -5*n - 25 = 0. What is the greatest common factor of 6 and k?
6
Let x(g) = g**2 - 2. Let m be x(2). Let b(o) = 6*o - 10. Let f be 6/(-33) - 92/(-22). Let l be b(f). What is the highest common factor of m and l?
2
Let u(l) = l + 9. Let a be u(-5). Let o(y) = 7*y - 2. Let n be o(a). Let z = 120 + -55. Calculate the highest common divisor of n and z.
13
Let p = -39 + 57. Suppose -p = -10*n + 9*n. What is the highest common divisor of 2 and n?
2
Let y be (-4)/((-12)/(-3)) + 45. Suppose 145 = 2*n + 3*n. Let l = n - 18. What is the highest common divisor of l and y?
11
Let j be (3 + 3 + 2118/18)*3. Calculate the highest common factor of j and 7.
7
Let x = -90 - -160. Suppose -2*c + 32 = -4*v, -c - 4*v + 3 - 5 = 0. What is the highest common divisor of c and x?
10
Let r(z) = -z**3 - 8*z**2 - 9*z + 3. Let j be r(-7). Let s = 26 - j. Let o(a) = -4*a - 1. Let p be o(-7). What is the highest common divisor of s and p?
9
Suppose p = -2*x + 4*p + 2, 4*p = 4*x. Let s(i) = 25*i**2 + 3*i + 5. Let w be s(x). Calculate the greatest common divisor of 11 and w.
11
Let c = 262 + -251. Calculate the greatest common factor of c and 363.
11
Suppose 19*j - 490 = 80. Let g be ((-300)/16)/((-1)/4). Calculate the greatest common factor of j and g.
15
Suppose -2*p + 289 = -p. Suppose 1151 + p = 15*u. Calculate the highest common divisor of 12 and u.
12
Let p(j) = 47*j**2 + 1. Let y be p(-1). Suppose -5*t = -27 - y. Calculate the greatest common divisor of t and 40.
5
Suppose 8*n - 11 = 93. Let r(y) = -y**3 + y**2 + 13. Let w be r(0). Calculate the greatest common factor of n and w.
13
Let w(q) = 18*q + 4. Let g be w(3). Suppose 3*r + 0*x + x - 31 = 0, 2*x + g = 4*r. What is the greatest common divisor of r and 6?
6
Let c(w) = w**2 + 1 + 1 + 1 + w - 2. Let l be c(4). Calculate the greatest common divisor of l and 21.
21
Let d = 108 + 4. What is the greatest common divisor of d and 84?
28
Let y(a) = -a**3 - a**2 - 2*a + 265. Let v be y(0). Calculate the greatest common factor of v and 5.
5
Let c be (-454)/(-1) - (9/3 + -4). What is the highest common divisor of 35 and c?
35
Let h = 7 - -33. What is the highest common divisor of h and 16?
8
Let n be (4 - 1) + (-19 - 15). Let q = -29 - n. Let s = -34 - -37. Calculate the greatest common divisor of s and q.
1
Suppose 2*l - 4*a - 31 = -3*l, 2*a - 23 = -3*l. Suppose 4*b = l*b + 30. Let q = b - -22. Calculate the highest common factor of 96 and q.
12
Let d = -46 - -66. Suppose -4*z + 84 - d = 0. Suppose -z - 18 = -2*r. What is the highest common divisor of 51 and r?
17
Let s be ((-50)/(-40))/((-2)/(-8)). Let l(h) = 42*h. Let c be l(s). What is the highest common factor of 30 and c?
30
Let n(c) = c**2 - 24*c + 62. Let o be n(27). What is the greatest common divisor of o and 26?
13
Suppose -6*d = -2*d + 5*v - 168, 4*v = 0. Suppose 3*i = 4*a - 54, -5*i - 4 = -3*a + d. Calculate the highest common factor of 8 and a.
4
Suppose 3*d - 314 = -74. Suppose -28*p = -7*p - 210. What is the highest common divisor of p and d?
10
Let f(q) = -10*q + 14. Suppose n - 117 = 10*n. Let j be f(n). What is the greatest common factor of 16 and j?
16
Let d be 210/11 + (-134)/1474. Calculate the greatest common divisor of 2869 and d.
19
Let x(j) = -7*j + 60. Let n be x(8). Suppose -n*r + 94 = -0*h - 2*h, -4*h - 68 = -3*r. What is the highest common factor of 168 and r?
24
Let g(c) = -7*c**3 + 3*c**2 - c - 25. Let y be g(-4). Calculate the highest common divisor of 190 and y.
95
Let w be (-1)/((-6)/5 + 1). Suppose 7 = 8*g - 753. Suppose -4*v + g = -125. Calculate the greatest common divisor of w and v.
5
Let g(s) = s**2 - 4*s - 5. Let h(i) = i**3 - 15*i**2 + i - 20. Let l be h(15). Let b be g(l). What is the highest common factor of 100 and b?
20
Let u(l) = -5 - l - 4*l + 2 + 7. Let k be u(2). Let w be 21 + 3/k*2. Calculate the greatest common factor of w and 30.
10
Let v = 6600 - 4525. What is the greatest common divisor of 25 and v?
25
Let b(j) = 0 + 0 + j + 2. Let c be b(0). Suppose c*l = -0*l + 2. What is the greatest common factor of l and 1?
1
Suppose -846 = -8*z - 39*z. Let s = 29 - -16. Calculate the highest common divisor of z and s.
9
Let o = 25 + 4. Suppose 34*t - o*t = 180. What is the greatest common divisor of t and 324?
36
Suppose -25 = h + 95. Let j be (3/6)/(-1)*h. Suppose 0 = 2*x - 27 + 3. Calculate the greatest common divisor of x and j.
12
Let j(h) = 2*h - 14. Let a be j(10). Suppose -4*y - b + 23 = 0, b + 0*b + 12 = y. Let f = y - a. Calculate the highest common divisor of 11 and f.
1
Suppose 2*z - 3 = 117. Let d = z - 48. What is the highest common factor of d and 96?
12
Suppose 0 = 5*h - 5*j - 6795, -6*h + 3*h + 2*j = -4078. Calculate the highest common factor of 80 and h.
80
Let n be (-9 - 266/(-28))*138. Let s = 172 - 80. Calculate the greatest common factor of n and s.
23
Let x be 4 + (-4 - -4) + -2. Suppose 0 = 2*t + x*t - 60. Suppose 2*v - 11 = t. What is the greatest common factor of v and 13?
13
Let o = 228 + -189. What is the highest common factor of o and 13?
13
Let m = 0 + 3. Suppose -3*x = 51 - 9. Let n be (-1)/((-40)/x - m). Calculate the highest common factor of n and 77.
7
Suppose 0 = -18*y - 0*y + 4554. Calculate the greatest common divisor of y and 22.
11
Let y(s) = 3*s**2 - 4*s. Let j be y(3). Suppose 23*a - 21*a = -3*p + 36, p = 3*a - 10. Calculate the highest common divisor of a and j.
3
Let g be (-126)/(-10) + (-6)/(-15). Let b(r) = 8*r - 14*r - 10*r - 4*r**2 - 35 + 3*r**2. Let u be b(-12). Calculate the greatest common factor of g and u.
13
Let x be 28/4 - (0 + 1 - 3). Let z be x/6 + 4 + 93/6. Calculate the greatest common factor of 3 and z.
3
Suppose 17*w - 15 = 12*w. Suppose -w*h + 0*h + 20 = -q, -2*h = -3*q - 4. What is the greatest common divisor of h and 24?
8
Let d(q) = -4*q - 32. Let l be -7 + 4 - 13 - -3. Let w be d(l). Calculate the highest common divisor of w and 20.
20
Let z be 36/(-63)*-6*7. What is the greatest common divisor of 66 and z?
6
Let o = 1948 + -1530. Calculate the greatest common divisor of o and 76.
38
Let b be ((-208)/39)/((-1)/9). Let d be (-10)/(-55) - (-876)/22. Suppose 4*m - 24 = -l, -4*l = -6*l - 4*m + d. Calculate the greatest common divisor of l and b.
16
Suppose -10 = 5*t, -5*h = -5*t + 53 - 168. Suppose -27 = 3*u - 69. Calculate the highest common divisor of u and h.
7
Let l(k) = k**2 + k - 15. Let r be l(-5). Suppose 0 = -5*h - r*o - 110, -4*h - 2*o - o = 83. Let f = -11 - h. Calculate the highest common divisor of 6 and f.
6
Suppose 0 = d - r - 60, -3*d + 169 = -4*r - 8. What is the greatest common factor of 9 and d?
9
Let x(v) = -v**2 - 9*v - 4. Let p be x(-8). Let y(m) = -m**2 - 11*m + 10. Let j be y(-9). Calculate the greatest common divisor of p and j.
4
Let d be (3 - 0)/(-1 - (-8)/5). Suppose 0 = -2*t + t - 3*f + 9, -t = -2*f + 6. Suppose -v = -t*v - 25. Calculate the highest common divisor of d and v.
5
Let d = -28 - -71. Let u = -41 + d. Suppose -2*g = 3*f - 16, u*g + f = -0*g + 16. What is the gr